0 + (-3 - w - -42)?
6
Suppose -8249 - 54091 - 636132 = -72*l. What is the hundreds digit of l?
7
Suppose -88 = -4*p - 4*g, 4*p - 4*g + 15 = 103. Suppose p*i = 45*i - 3404. What is the units digit of i?
8
Let b(k) = 4385*k - 17. Let x be b(1). Suppose 0 = -29*v + 22*v + x. What is the tens digit of v?
2
Let h(m) = 30*m - 19. Let q(v) = -1. Let k(w) = -h(w) + 2*q(w). Suppose 3*z + 24 = -4*p + 16, 5*p + 2*z = -17. What is the tens digit of k(p)?
6
Let h(k) = -2*k**3 + 2*k**2 + 2*k + 16. Let j be h(0). Suppose -12*a - v + 7001 = -7*a, 4*v = -j. What is the tens digit of a?
0
Suppose -21 - 42 = 3*s. What is the hundreds digit of (-14)/s*3*94?
1
Let n = 24 + -82. Let z = n - -53. What is the hundreds digit of 20/50 - 688/z?
1
Let r(n) = 8*n**3 + 2*n**2 + 3*n + 11. Let b be r(-3). Let l = 1390 + b. What is the hundreds digit of l?
1
Let c(m) = 212*m - 183. What is the tens digit of c(26)?
2
Let z = -154 - -168. Suppose z*i - 162 - 1616 = 0. What is the units digit of i?
7
Let j(l) = 76*l - 61. Let f be j(11). Let m = f - -116. What is the tens digit of m?
9
Let x(i) be the second derivative of 76*i**3/3 + 3*i**2/2 + i. Let w be x(1). Suppose -c = 2*g - 99, -w = -2*g + c - 50. What is the tens digit of g?
5
Suppose 2*l + 85*a = 90*a + 131189, -262413 = -4*l + 3*a. What is the tens digit of l?
0
Let z(m) = -m**2 - 31 - 20*m + 7 + 39*m + 8*m**2 - 36. What is the units digit of z(14)?
8
Let c = 1669 + 2600. What is the units digit of c?
9
Suppose 19152 = -13*l + 29*l. Suppose -3*s - 3*n = -l, -2*s + 4*n + 1295 = 515. What is the hundreds digit of s?
3
What is the units digit of 5/(-9*5/(-10665))?
5
Let a = 399 - 395. What is the hundreds digit of 10/(a*2/1048)?
3
Let t(k) = 50*k**2 - 88*k - 3231. What is the tens digit of t(-27)?
9
Suppose 6*s - s + 4*j = -36, 39 = -5*s - j. What is the hundreds digit of ((-3956)/s - 2)*6/5?
5
Let p = -5320 + 17037. What is the ten thousands digit of p?
1
Let h = 6159 + 2938. What is the units digit of h?
7
Suppose -1 = 5*m - 16. Suppose -j = -m*j - 5*f + 921, -f = 3*j - 1414. What is the hundreds digit of j?
4
Suppose 0*y + 18*y = -612. Let z = 193 - y. What is the hundreds digit of z?
2
Let n(t) = -7*t + 36. Let p be n(4). Suppose -v + 340 = s, 0 = -v - 3 + p. What is the hundreds digit of s?
3
Let a be (8/(-6))/((-12)/(-216)). What is the tens digit of (348/a)/((-1)/26)?
7
Let m(n) = 9*n**2 - 86*n + 100. What is the thousands digit of m(34)?
7
What is the tens digit of 2 + -3 + 5/((-15)/(-29817))?
3
Let a(f) be the second derivative of -f**5/20 - f**4/6 - f**3/2 + 7*f**2/2 + 5*f. Let j be a(-6). Suppose 11*g - j = 744. What is the tens digit of g?
8
Let p = -72643 - -102037. What is the ten thousands digit of p?
2
Let w(d) be the first derivative of -d**2/2 + 17*d - 26. Let m be w(13). Suppose -x + 11 = 2*f, 2*f - 5*f = m*x - 59. What is the tens digit of x?
1
Let g(f) be the third derivative of 5/8*f**4 + 0 + 0*f - 31*f**2 + 7/6*f**3. What is the hundreds digit of g(7)?
1
Let q = -1967 - -6798. What is the thousands digit of q?
4
Let o(f) = -1916*f + 211. What is the hundreds digit of o(-2)?
0
Suppose 19*m - 112 = 5*m. Suppose t + 0*z = 5*z - m, 0 = 2*t + z + 5. What is the units digit of ((-2)/4)/(t/354)?
9
Suppose 104 = -2*i + 5*y, -y = -3*i + y - 145. Let d = i - -124. Suppose 5*g - d = 53. What is the units digit of g?
6
Let k(z) = -7*z - 65. Let a be k(-10). Suppose 5*o + 1496 = 4*x + 528, -o = a*x - 1210. What is the tens digit of x?
4
Suppose 0 = p - 2*w - 33710, 0 = 5*p + w - 83459 - 85036. What is the ten thousands digit of p?
3
Let l(j) = 22*j - 72. Let s be l(-7). Let v = 457 + s. What is the hundreds digit of v?
2
Let j = 9491 - 6556. What is the hundreds digit of j?
9
Suppose 0 = 5*g - 3*v - 115897, 0 = -2*v - 86 + 78. What is the hundreds digit of g?
1
Let n be (-10 - -13)/(2/312). Suppose -5*o + 205 = u, 4*u - 472 - n = 4*o. What is the hundreds digit of u?
2
Suppose 4*a + 6 = -2. Let b be ((-134)/a)/(4/(-8)*-2). Suppose b*w - 63*w - 116 = 0. What is the tens digit of w?
2
Let x(h) = -h**3 - 3*h**2 - 8*h + 990. Let b be x(0). What is the hundreds digit of -1*(-3 + 2)*(-19 + b)?
9
Suppose 3*v = -v - 408. Let w = 333 + -182. Let t = v + w. What is the tens digit of t?
4
Suppose -2*w - 62360 = -6*s, -7*s + 6*s = -2*w - 10385. What is the thousands digit of s?
0
Let u(g) = -3*g - 10. Suppose 4*q = -3*h - 17, -1 + 7 = -3*q. Let f be u(h). What is the tens digit of (-9)/15 - f - (-1672)/20?
8
Let l = -239 - -210. Let r = 138 - l. What is the units digit of r?
7
Let t = 15186 - 7361. What is the hundreds digit of t?
8
Let w = 13865 - 6282. What is the units digit of w?
3
Let a(v) = 87*v**2 + 345*v - 3. Let q be a(-4). Let l(o) = 12 - 2*o - 4 + 10*o. What is the units digit of l(q)?
0
Let d(g) = -8*g - 6 + 2*g**2 + 0 + 10*g + 4. Let p be d(-2). Suppose 0 = -6*s + 2*s - 5*f + 279, -p*s + f = -157. What is the tens digit of s?
7
Let c = -13719 - -24143. What is the thousands digit of c?
0
Let t(y) be the second derivative of -y**3/3 + 21*y**2/2 + 14*y. Let l be t(10). Let g(f) = 12*f**3 + f**2 + f - 2. What is the tens digit of g(l)?
1
Suppose 2*f - 160611 = 5*o, 4*f = -3*o + 318443 + 2688. What is the ten thousands digit of f?
8
Suppose 194 = 4*v + 2*p, v + 54 = 2*v - 5*p. What is the hundreds digit of (-6)/15 - 665/(-25)*v?
3
What is the ten thousands digit of (((-2)/(-1))/(-6))/((-12070365)/2011725 + 6)?
4
Let f = 25869 + -20373. What is the units digit of f?
6
Let z = 93 + -53. Let i be -15*(3 - z/15). What is the hundreds digit of 108 + (0/i - 2)?
1
Suppose 760315 = 102*d + 60*d - 6277127. What is the hundreds digit of d?
4
Let s = 75606 + -49592. What is the units digit of s?
4
Suppose 3*y = -r - 5095 + 60955, -2*y = 2*r - 37236. What is the units digit of y?
1
Suppose -71*l + 202*l - 7*l = 4290028. What is the ten thousands digit of l?
3
Suppose -14*m = -24298 - 2960. What is the thousands digit of m?
1
Let k be (-80)/96 - 76/24. What is the units digit of (14/21)/(k/(-3006))?
1
Let j(c) = -17*c**3 - 14*c**2 + 11*c + 87. Let q(g) = -38*g**3 - 27*g**2 + 23*g + 173. Let r(k) = -9*j(k) + 4*q(k). What is the units digit of r(-13)?
5
Suppose 2*w = 2, 0 = -5*o - w - w + 42. Suppose 4*a = o, -2*i - 3*a - 380 = -0*a. Let f = -135 - i. What is the units digit of f?
8
Suppose 4*p = p + 2409. Let k = 1381 - p. What is the tens digit of k?
7
Let o(k) = -104*k**3 - 50*k**2 - 428*k + 20. What is the tens digit of o(-8)?
9
Suppose -3*k - 3902 - 1243 = -3*h, -5*k = -h + 1707. Suppose -2*u + h - 389 = -d, -4*u = -d - 2652. What is the tens digit of u?
6
Suppose -14*g - 1657 = 3*g - 54442. What is the units digit of g?
5
Let m(g) = 98*g - 135. Let r be m(-7). Let s = 1294 + r. What is the tens digit of s?
7
Suppose -6308 = -w - 4*i, -8*i + 6*i - 12566 = -2*w. What is the thousands digit of w?
6
Let z(i) = 21*i**2 + 102*i + 61. What is the thousands digit of z(21)?
1
Let o(c) = c**3 - c**2 + 21*c - 46. Let k be o(2). Suppose l - 216 = 4*x - 0*x, k = 2*l + 3*x - 399. What is the tens digit of l?
0
Let o be (-4)/10 - 42/(-5). Let a(m) = -2*m**3 + 7*m**2 + 10*m + 4. Let c be a(o). What is the tens digit of -1 + 1/((-4)/c)?
2
Let p = 4910 - 7438. Let j = -1646 - p. What is the hundreds digit of j?
8
Let b = -145 + 135. Let y = b + 10. Suppose y = 2*f - 6, 4*l + 2*f - 654 = l. What is the units digit of l?
6
Suppose 45 = -4*b + 65. Suppose -4*y - 33 = b*v - 1366, 3*v = -y + 342. What is the tens digit of y?
2
Suppose 0 = -11*v - 23*v + 1697790. What is the hundreds digit of v?
9
Suppose 4783 = -3*t + 21943. What is the thousands digit of t?
5
Let z = -9482 + 9904. What is the hundreds digit of z?
4
Let m(p) = 77*p + 3254. What is the hundreds digit of m(64)?
1
Let c = -76 - -106. Let w be (-1)/(-3)*(-1)/((-1)/c). What is the units digit of (((-16)/(-10))/1)/(w/25)?
4
Suppose 5*u - 2*g - 249 = 0, -g = -7*u + 2*u + 247. Let l = u - -426. What is the hundreds digit of l?
4
Suppose 0 = 2*l - 18 + 14. Suppose -23 - 1 = -l*j. Suppose -p + j + 113 = 0. What is the hundreds digit of p?
1
Let x = 80 + -472. What is the tens digit of x/6*(-30)/20 + 2?
0
Let v = 1412 + -906. Let o = v - -212. What is the hundreds digit of o?
7
Let a(q) = -q**2 - 2*q. Let p be a(0). Let s be p + -79 - (8 + -10 + 5). Let y = s + 167. What is the tens di